{"id":13,"date":"2012-04-23T13:10:22","date_gmt":"2012-04-23T13:10:22","guid":{"rendered":"http:\/\/www.gite-beaufortain.com\/auberge\/?page_id=13"},"modified":"2012-04-26T18:14:38","modified_gmt":"2012-04-26T18:14:38","slug":"plan","status":"publish","type":"page","link":"http:\/\/www.gite-beaufortain.com\/auberge\/plan\/","title":{"rendered":"Plan"},"content":{"rendered":"<table width=\"95%\">\n<tbody>\n<tr>\n<td style=\"text-align: center;\" width=\"50%\"><a href=\"http:\/\/maps.google.fr\/maps?f=q&amp;source=embed&amp;hl=fr&amp;geocode=&amp;q=auberge+des+roches+queige&amp;sll=46.75984,1.738281&amp;sspn=7.346953,18.720703&amp;ie=UTF8&amp;hq=auberge+des+roches&amp;hnear=Queige,+Savoie,+Rh%C3%B4ne-Alpes&amp;t=h&amp;cid=11058740814525262197&amp;ll=45.71845,6.461613&amp;spn=0.010487,0.018239&amp;z=15\"><img loading=\"lazy\" class=\"aligncenter\" src=\"http:\/\/www.gite-beaufortain.com\/auberge\/images\/carte-auberge.jpg\" alt=\"\" width=\"316\" height=\"224\" border=\"0\" \/><\/a><br \/>\n<a href=\"http:\/\/maps.google.fr\/maps?f=q&amp;source=embed&amp;hl=fr&amp;geocode=&amp;q=auberge+des+roches+queige&amp;sll=46.75984,1.738281&amp;sspn=7.346953,18.720703&amp;ie=UTF8&amp;hq=auberge+des+roches&amp;hnear=Queige,+Savoie,+Rh%C3%B4ne-Alpes&amp;t=h&amp;cid=11058740814525262197&amp;ll=45.71845,6.461613&amp;spn=0.010487,0.018239&amp;z=15\">Agrandir le plan<\/a><\/td>\n<td width=\"50%\">\n<p style=\"text-align: justify;\"><strong>Voiture :<\/strong><br \/>\nAlbertville suivre Massif du Beaufortain<br \/>\nSur la D925 au rond point <em>ne pas rentrer dans Queige<\/em>, continuer direction Beaufort<br \/>\nL&rsquo;ancienne Auberge des Roches est \u00e0 300 m\u00e8tres apr\u00e8s le rond point sur votre gauche.<strong><br \/>\nTrain :<\/strong><br \/>\nLa gare d&rsquo;Albertville, \u00e0 10 Km de Queige, est la gare d&rsquo;acc\u00e8s au Tour du Beaufortain (3 h 30 en TGV de Paris).<br \/>\nRenseignements et r\u00e9servation par t\u00e9l\u00e9phone au 08 92 35 35 35<br \/>\n<strong>Cars :<\/strong><br \/>\n&#8211; Albertville : gare routi\u00e8re pr\u00e8s de la gare SNCF.<br \/>\n&#8211; Lignes journali\u00e8res matin et soir pour Queige : Transports Blanc. T\u00e9l : 04 79 38 10 50 .<br \/>\n<strong>Lignes de bus :<\/strong> <a href=\"http:\/\/www.autocarsblanc.fr\/page3.html\" target=\"_blank\">autocars blanc<\/a><\/p>\n<\/td>\n<\/tr>\n<\/tbody>\n<\/table>\n","protected":false},"excerpt":{"rendered":"<p>Agrandir le plan Voiture : Albertville suivre Massif du Beaufortain Sur la D925 au rond point ne pas rentrer dans Queige, continuer direction Beaufort L&rsquo;ancienne Auberge des Roches est \u00e0 300 m\u00e8tres apr\u00e8s le rond point sur votre gauche. Train : La gare d&rsquo;Albertville, \u00e0 10 Km de Queige, est la gare d&rsquo;acc\u00e8s au Tour [&hellip;]<\/p>\n","protected":false},"author":1,"featured_media":0,"parent":0,"menu_order":0,"comment_status":"open","ping_status":"open","template":"","meta":[],"_links":{"self":[{"href":"http:\/\/www.gite-beaufortain.com\/auberge\/wp-json\/wp\/v2\/pages\/13"}],"collection":[{"href":"http:\/\/www.gite-beaufortain.com\/auberge\/wp-json\/wp\/v2\/pages"}],"about":[{"href":"http:\/\/www.gite-beaufortain.com\/auberge\/wp-json\/wp\/v2\/types\/page"}],"author":[{"embeddable":true,"href":"http:\/\/www.gite-beaufortain.com\/auberge\/wp-json\/wp\/v2\/users\/1"}],"replies":[{"embeddable":true,"href":"http:\/\/www.gite-beaufortain.com\/auberge\/wp-json\/wp\/v2\/comments?post=13"}],"version-history":[{"count":3,"href":"http:\/\/www.gite-beaufortain.com\/auberge\/wp-json\/wp\/v2\/pages\/13\/revisions"}],"predecessor-version":[{"id":328,"href":"http:\/\/www.gite-beaufortain.com\/auberge\/wp-json\/wp\/v2\/pages\/13\/revisions\/328"}],"wp:attachment":[{"href":"http:\/\/www.gite-beaufortain.com\/auberge\/wp-json\/wp\/v2\/media?parent=13"}],"curies":[{"name":"wp","href":"https:\/\/api.w.org\/{rel}","templated":true}]}}